- 360612. What is the units digit of g?
4
Suppose 91542 = 149*j - 116177 - 287855. What is the tens digit of j?
2
Suppose -4*x = 12, 3*g + 0*g - 5*x = 57. What is the units digit of (-6 + 4)/(g/(-161))?
3
What is the tens digit of 1/(1/51790*(-139 - -141))?
9
Let u be (-69)/(3 - (-20)/(-5)). Suppose -5*a - 63 = -c, c = -a - 3*c. Let s = u + a. What is the tens digit of s?
5
Suppose -4*r = -6 - 30. Suppose 18*o - 31239 = -r*o. What is the thousands digit of o?
1
Let k = 68255 - 47235. What is the tens digit of k?
2
Let q(r) = 25*r**2 + r. Let m be q(3). Suppose -915 = -23*a - 892. Suppose -t + a = -m. What is the tens digit of t?
2
Suppose -3*a - 3*o + 30693 + 19866 = 0, 3*a - 50583 = o. What is the units digit of a?
9
Let s(v) = v**3 - 4*v**2 + 3*v + 3. Let g be s(2). Let n(y) = 357*y + 5. What is the hundreds digit of n(g)?
3
Suppose -3147 = -11*j + 14101. Suppose 678 = 2*l + 3*z - 108, -4*z = 4*l - j. What is the units digit of l?
0
Let i = 47413 + -25391. What is the thousands digit of i?
2
Suppose 11*a = 10*a - 4*t - 202, 2*t = 3*a + 676. What is the thousands digit of (2024/66)/((-4)/a)?
1
Let z(u) = 9*u + 1. Let k be 0 - ((-1)/3)/(4/36). Suppose 4*l + k*w = 47, 4*l - 24 = 4*w + 16. What is the hundreds digit of z(l)?
1
Let q = 272 + -273. What is the tens digit of ((-78)/4 - -5)*2*q?
2
Suppose 1574*t + 19329 = 1577*t. What is the hundreds digit of t?
4
Let i(v) = 631*v - 1751. What is the units digit of i(32)?
1
Suppose 5*n - 30 = 0, -35*j = -34*j - 3*n - 16856. What is the ten thousands digit of j?
1
What is the units digit of (-37)/(1184/(-543200)) - 2*(1 - 0)?
3
Let n(s) = 428*s + 225. What is the units digit of n(8)?
9
Let l(c) = 7*c - 175. Let m be l(5). Suppose 265 = -0*t + t. Let d = m + t. What is the hundreds digit of d?
1
Let m(x) = 576*x + 1106. What is the hundreds digit of m(16)?
3
Let f(j) = 14*j + 0*j - 3*j - 2. Suppose -65*g + 63*g = z + 4, 2*g = z - 20. What is the units digit of f(z)?
6
Suppose 4*t = 5*h - 11927, 0 = -3*h - 10*t + 7*t + 7140. What is the units digit of h?
3
What is the tens digit of ((-14173)/2)/(-20 - 624/(-32)) + -5?
6
Let l be (-150)/8*(-224)/42. Suppose -3*n = -7*n + l. What is the units digit of 20/n + (-442)/(-10)?
5
Let y = -159 + 3. Let b = y - -161. Suppose 2*u - 214 = -b*o, -2*o + 10 = -2*u - 84. What is the tens digit of o?
4
Suppose -15 = -l - 10. What is the hundreds digit of l + 0/(-2) - -389?
3
Suppose 3*j - 2*j - 3 = 0. Let t(k) = 3*k**3 - 12 - 9*k**2 - 7*k**j + 6*k + 9*k + 3*k**3. What is the tens digit of t(-11)?
6
Suppose 5*d + 4*d = 5*d. Suppose 0 = -3*v - 3, -4*g + 9*g - v - 2656 = d. What is the tens digit of g?
3
Suppose -10*g = -32*g + 308. Suppose 0 = -8*t + 8502 - g. What is the units digit of t?
1
Let t(d) = 128*d**3 - 16*d**2 + 32*d - 34. What is the hundreds digit of t(6)?
2
Let k = -108 + 112. Suppose 2*x + k*j - 168 = 18, -x + 5*j = -79. Let w = x - 49. What is the units digit of w?
0
Let q(x) = 2809*x + 182. What is the thousands digit of q(2)?
5
Let t(v) = -v + 1. Let l(d) = 6*d - 55. Let m(g) = -2*l(g) - 6*t(g). Suppose b - 2*b = 0. What is the units digit of m(b)?
4
Suppose 5*c + 3*o + 892 = 0, c - 684 = 5*c - 5*o. Let m = -5 - c. What is the units digit of m?
1
Let n(a) = 9*a**2 + 97*a - 132. What is the hundreds digit of n(25)?
9
Let f(u) = 38*u - 30*u - 206 + 229 + 78*u. What is the tens digit of f(5)?
5
Suppose -241241 = -2614*f + 2523*f. What is the hundreds digit of f?
6
Suppose 70*s - 141*s + 98*s = 21195. What is the hundreds digit of s?
7
Let k = 4675 - -616. What is the units digit of k?
1
Suppose -8 = 5*n - 3*v + 452, 0 = 4*v. Let u = 89 + n. What is the hundreds digit of (-12)/8*314/u?
1
Let f(k) = 5*k - 223. Let v be f(45). Suppose 3*c = -5*o + 5306, -5*c + 4237 = -v*o + 6*o. What is the units digit of o?
3
Let z(m) be the third derivative of m**5/2 - 5*m**4/24 + m**3 + 34*m**2. What is the hundreds digit of z(-3)?
2
Let w(f) = -1132*f + 5224. What is the units digit of w(-12)?
8
Suppose -20 = 4*n, 4*y + 4*n = 35723 - 8687. What is the hundreds digit of y?
7
Let s(i) = 3*i**3 - 6*i**2 - 21*i - 28. What is the thousands digit of s(13)?
5
Let s(l) = -424*l**2 - 31*l - 1. Let y be s(9). What is the hundreds digit of y/(-88) - 18/(-33)?
3
Suppose -3*b = -3*s + 104 - 35, -5*s = 2*b - 80. Suppose 6228 - 198 = s*j. What is the tens digit of j?
3
Suppose 2*c - 3 = -0*c - 3*q, -4*c + 2*q = -46. Suppose 189 = 3*w + c*h - 4*h, -2*h = 3*w - 180. What is the tens digit of w?
5
Let p(h) = -1244*h**3 - 11*h**2 - 32*h + 38. What is the units digit of p(-3)?
3
Suppose 0 = -2*a + v + 9769, -2*a = 171*v - 166*v - 9739. What is the units digit of a?
2
Suppose 3*h + 54422 = 4*x, -5*h + 8249 + 18949 = 2*x. What is the ten thousands digit of x?
1
Let j(i) = 28*i + 2445. What is the units digit of j(33)?
9
Suppose -4*c = -g + 1, 2*g - 14*c + 12*c - 8 = 0. Suppose -3*j + 2218 = -5*t, -g*t - 509 - 227 = -j. What is the tens digit of j?
4
Let s = -7416 - -11781. What is the tens digit of s?
6
What is the hundreds digit of 24/((-3)/(-1191)*1)*1?
5
Let z(h) = -14*h - 22. Let u be z(-2). Suppose -3*b + 5*q - 464 = -u*b, -3*b + 478 = -2*q. What is the hundreds digit of b?
1
Let l be 20/6 - 2/6. Let t(z) be the third derivative of z**6/30 + z**5/30 + z**4/24 + 7*z**3/6 - 9*z**2 - z. What is the hundreds digit of t(l)?
1
Suppose 25 = 2*j + 3*j. Suppose j*b = 15, -4*l + 86 = -0*l + 2*b. What is the units digit of (3*l/(-36))/(15/(-54))?
6
Suppose -32*r - 135*r - 39*r + 900426 = 0. What is the tens digit of r?
7
Let m = -4013 + 9979. What is the tens digit of m?
6
Suppose 9*y = -0 + 45. Suppose i + y = 0, -2*i + 661 - 151 = p. What is the hundreds digit of p?
5
Suppose 0 = 14*g - 377367 - 32119. What is the units digit of g?
9
Suppose 0 = 23*p - 22*p. Suppose p = -2*n - 245 + 685. What is the tens digit of n?
2
Suppose -3*k + 35 = -5*c, -14*c - 16 = -15*c - 4*k. What is the units digit of 2*124 + -30 + 25 - c?
7
Let n(c) = 4*c**2 + 11*c**2 + 7*c - 5*c**2. Let k = 53 - 56. What is the units digit of n(k)?
9
Let j be (-39 - -19)*(24/15 - 2). Suppose -j*x = -42*x + 41276. What is the hundreds digit of x?
2
Let a = 60618 + -19708. What is the thousands digit of a?
0
What is the hundreds digit of 227076/18 + ((-11)/(-22))/((-12)/8)?
6
Suppose 89*v - 228128 + 42029 = 0. What is the tens digit of v?
9
Suppose -d = -0*d - 3. Let g be -1*(-2 - d/1). Suppose -3*m + 264 = m - 4*i, -g*i = m - 54. What is the tens digit of m?
6
Let n(b) = 59794*b**3 + 7*b**2 - 24*b + 17. What is the units digit of n(1)?
4
Let g = -22 + -40. Let h(s) = -25*s**2 + 2*s + 13. Let q be h(-2). Let z = g - q. What is the tens digit of z?
2
Suppose 18*a + 24 = 654. Let z = 59 - a. Let f = z + 139. What is the hundreds digit of f?
1
Suppose 0 = -4*t - 5*t + 342. Suppose -5*n + t = 13. Suppose -110 = -5*k + n*s, -4*s - 70 = -3*k + s. What is the tens digit of k?
2
Suppose -10*h = 4213 - 19403. Let z = h - 347. Suppose 7*v = 221 + z. What is the units digit of v?
9
Suppose 5*f + 154*b = 159*b + 83605, 4*f - 2*b - 66894 = 0. What is the hundreds digit of f?
7
Let k(d) = d**3 - 94*d**2 + 61*d + 903. What is the units digit of k(94)?
7
Let s be (-13*2)/(-2*(-1)/(-87)). Let c = -796 + s. Let o = c - 73. What is the tens digit of o?
6
Let r(x) = -x**2 - 2*x + 11. Let u(b) = 5*b**3 - b**2 + 2*b - 1. Let f be u(2). Let g = 39 - f. What is the units digit of r(g)?
1
Let y = 130533 - 49023. What is the ten thousands digit of y?
8
Let n be (-348)/(-48) + (-4)/16. What is the units digit of 44/77 + 1634/n?
4
Let h be (48/(-4) - -8)*(-3)/6. Suppose h*q = 2157 + 1085. What is the tens digit of q?
2
Let o = 16 - 12. Suppose -o*g + 7*g = 24. What is the units digit of (g/(-2))/(3/(-33))?
4
Let m be 2 - (2 - 11) - 5. Let x(t) = 40*t**2 - t + 11*t + 0*t - 9 - 38*t**2. What is the tens digit of x(m)?
2
Let m = 423 + -643. Let w(z) = -z**3 + 21*z**2 - 28*z + 30. Let r be w(20). Let o = r - m. What is the units digit of o?
0
Let k(r) = 7 + 22*r - 9 + 5. What is the tens digit of k(23)?
0
What is the tens digit of ((-3516)/(-5))/((27/450)/1)?
2
Suppose 3*n = -0*i + 4*i - 141, -4*i + 146 = -2*n. Let x = -35 + i. Suppose 3*j + 3*b + b = 626, 0 = x*b + 4. What is the hundreds digit of j?
2
Let i = 9599 + -4808. What is the thousands digit of i?
4
Le